- 4*x. Let o(f) = 3*f + 2. Let j(b) = l*s(b) - 6*o(b). What is j(1)?
-6
Suppose 44 = -4*y + 3*p + 2*p, -5*y - 4*p = 14. Let h(s) = -s**3 - 1 + 5*s**3 - 6*s**2 - 5*s**3. What is h(y)?
-1
Let c(m) = -5*m**3 + m - 1. Let l be (-2)/3 + (-88)/12. Let p = 9 + l. Determine c(p).
-5
Let q(b) = -29*b**2 + 2*b + 1. Let p be q(-1). Let a be (2/4)/((-5)/p). Let y(x) = 2*x**3 - 2*x**2 - 2*x**2 - x - 3*x**a - 1. Determine y(-4).
3
Let y = -6 + 5. Let v be y/(-2*(-2)/(-20)). Let h(l) = l**3 - 3 + 5 - 2*l + 0*l**3 - 5*l**2. Calculate h(v).
-8
Let v be 1*2/(3 - 5). Let s(t) be the third derivative of t**4/3 - t**3/6 - 2*t**2. Determine s(v).
-9
Let p(z) = 2*z + 6. Let s(f) = f - 5. Let x be s(0). Give p(x).
-4
Let c(q) = q. Suppose -8*u + 12*u = -28. Determine c(u).
-7
Let h(b) = 4*b - 1. Let v(u) = 4*u - 2. Let g(k) = -6*h(k) + 4*v(k). What is g(-2)?
14
Let m be -3*((-320)/(-6))/(-5). Suppose -c = -5*s - 10, 10 = -4*c + 2*s + m. Let y(u) = u - 4. Let n be y(c). Let r(z) = -z**3 + 2*z**2 + z - 1. What is r(n)?
1
Let r(t) = -28*t + 2*t**2 + t**3 - 12*t**3 + 26*t + 1. Calculate r(1).
-10
Let q(b) = b**2 + b. Let u be q(-2). Let a(k) = 16*k - 90 + 87 - 7*k. Determine a(u).
15
Let v = 19 - 19. Let q(h) be the second derivative of -1/6*h**3 + 3*h + v*h**2 + 0. Calculate q(3).
-3
Suppose -4*u = 1 - 17. Let t(j) = j. Determine t(u).
4
Let u(s) = -2*s**2 + 11*s + 1. Let g(q) = -3*q**2 + 17*q + 1. Let l(t) = 5*g(t) - 8*u(t). Let x(a) = a + 5. Let b be x(-1). Calculate l(b).
1
Let h(r) = r**2. Let u(y) = -2*y**3 - 2*y**2 + 3*y + 2. Let t be u(-2). Let o = t - 0. Suppose o*w + 4 - 2 = 2*z, 6 = -5*w - z. Calculate h(w).
1
Let q(o) = -12*o**2 + 5*o**2 - 14*o**3 + 6*o**2 + 1. Calculate q(-1).
14
Let l(j) = -2*j + 2. Suppose 5*a - 18 + 3 = 0. Let z be 2 - -1 - (4 - a). Let b be 12/(-9)*(-6)/z. Give l(b).
-6
Let d(j) = 2*j**2 - 6*j. Suppose -4*z + 23 = 7. Suppose z*r + 0*r - 25 = -3*n, -3*r + 4*n = 0. Give d(r).
8
Let s be ((0 - -3)/3)/1. Let t(v) = -5*v**3 + 0*v - v + 0*v**2 + 2*v**2 + 0*v**2. What is t(s)?
-4
Let c(j) be the first derivative of j**3/3 + 3*j**2/2 - j + 55. Let y = 7 + -13. What is c(y)?
17
Let n(r) be the second derivative of r**5/20 + 5*r**2/2 - 14*r. Determine n(0).
5
Let z(k) = -3*k + k + 4 + 5*k. Suppose -8 + 2 = j. Let f be (j/(-2))/(-1 - 0). Give z(f).
-5
Let h(x) = x**2 + x - 1. Let z be h(-2). Let m be 0 + 1 - (-1)/z. Let i(y) = y - 3. What is i(m)?
-1
Let y(h) = 11*h**3 - h**2 + 5*h. Let f(c) = c. Let j(i) = -5*f(i) + y(i). Determine j(1).
10
Let h(c) be the third derivative of c**4/12 + c**3 - 13*c**2. Give h(-5).
-4
Suppose u - 2*u = -13. Let q = -8 + u. Suppose -q*y + f = 10, -5*y - 2*f + f - 10 = 0. Let j(g) = g**3 + 2*g**2 + g - 2. Give j(y).
-4
Let s = 7 - 7. Suppose -5*k = -y + 17, -5*y + s = 5*k + 5. Let j(x) = x**3 - 4*x**2 + x - 2. Determine j(y).
-8
Let v(c) be the first derivative of -c**3/3 - c**2 + 3*c + 48. What is v(-5)?
-12
Let f(t) be the second derivative of -t + 1/2*t**3 - 5/2*t**2 + 0. Suppose -14 = -3*h - 2. Determine f(h).
7
Suppose -321 = -2*x - 327. Let i(j) = j**3 + 2*j**2 - 3*j + 3. Determine i(x).
3
Let x(c) = 6*c - 2. Let i(t) = 2*t + t - 4*t. Let f(l) = 4*i(l) + x(l). Determine f(3).
4
Let n(y) = 2*y - y**3 + 2 + 3*y**2 - y - y. What is n(3)?
2
Suppose -1 = -0*p - 3*p - 2*o, 5*p - 10 = 5*o. Suppose 3*t - 4*l + 6 = 0, -t + 0*t + 17 = 5*l. Let d(w) = -3*w**3 + 1 - w + w**3 - t*w**3. Determine d(p).
-4
Let p(r) = r**3 + 4*r**2 - 2*r - 4. Let w be (-1)/(-2)*(0 + -2). Let q be w/2*2 + -3. What is p(q)?
4
Let r(c) = -3*c**2 - 4*c - 7. Let m(n) = 2*n**2 + 3*n + 6. Let i(k) = 6*m(k) + 5*r(k). Let p(j) = j**3 - 6*j**2 + 5*j + 1. Let a be p(5). Calculate i(a).
-4
Let r(z) = -3 + 5 + 7*z - 6*z. What is r(0)?
2
Suppose -3*r = -2*a - 0*a - 21, 0 = -3*r - 4*a + 21. Let w(o) = r*o - 4*o + 3*o + o. Determine w(-1).
-7
Let t be 52/10 - (0 - 1/(-5)). Let a(z) = z - 7. Determine a(t).
-2
Let k(l) = 2*l + 5*l - 4*l. Let t = 2 + 0. Calculate k(t).
6
Let b(x) = 5*x**2 + 2*x - 4. Let o(s) = -4*s**2 - 2*s + 3. Let v(i) = -2*b(i) - 3*o(i). Let c be 1*(-2 - -1) + -1. What is v(c)?
3
Let v = -35 + 36. Let s(d) = -7*d**2 - d + 1. Determine s(v).
-7
Let k(j) = 5 + 12*j + 4 - 23*j + 12*j. What is k(0)?
9
Let f(z) be the second derivative of z**3/6 - 56*z. What is f(3)?
3
Let v(l) = 7*l**3 + 10*l**2 - 2*l + 7. Let p(o) = 11*o**3 + 15*o**2 - 2*o + 11. Let u(z) = -5*p(z) + 8*v(z). Let t = 2 - 8. Determine u(t).
1
Suppose -4*f - 4*c + 7*c = -11, 0 = -f - c - 6. Let n(j) = -2*j**2 + 5*j**2 - 3*j - 1 + j. Give n(f).
4
Let j be 1 - 54/(-1 - 2). Suppose 4*z + j = 3, 5*z + 45 = -5*l. Let v(b) = -b - 11. Give v(l).
-6
Let v be 9 - (-2*3)/(-3). Let r(j) = -j**2 + 9*j - 7. Determine r(v).
7
Suppose -2*j + 10 = -z - 3*z, -2*z - j = 15. Let i(r) = r**3 + 5*r**2 + 2*r + 2. Give i(z).
-8
Let n(t) = -46*t - 464. Let y be n(-10). Let z(v) be the first derivative of v**4/4 + 4*v**3/3 + 2*v**2 + 4*v - 1. Determine z(y).
-12
Suppose -2*k = -2*u + 34 - 14, 0 = 4*u - 8. Let p be 2 + 0 + (k - -2). Let o(y) = y**2 + 5*y + 2. Determine o(p).
-2
Let a(d) = -d - 6. Let p be a(-6). Let n(o) be the second derivative of 0 + 3*o**2 + 1/6*o**3 - 1/12*o**4 + 2*o. Calculate n(p).
6
Let g be 5/(-10)*(-1 - -1). Let u(s) = -s**2 + 11. Determine u(g).
11
Let x be (-1)/(-2) + 6/4. Let j(u) = u - 2438 + 2437 + 2*u. Give j(x).
5
Let d(y) = -4*y**2 - 10*y - 6. Let r(g) = -7*g**2 - 19*g - 12. Let t(k) = 5*d(k) - 3*r(k). Calculate t(-5).
-4
Let c = -6 - -11. Let t(g) be the third derivative of 4*g**2 + 0*g + 0 - 1/10*g**5 + 0*g**3 + 1/120*g**6 + 5/24*g**4. What is t(c)?
0
Let p(o) = -4*o**2 - 5*o - 4. Let i(k) = 11*k**2 + 15*k + 11. Let b(m) = 6*i(m) + 17*p(m). Calculate b(3).
-5
Let i(d) = -d + 4. Let a = -8 - -17. Let n(p) = 2*p - 13. Let h be n(a). Determine i(h).
-1
Suppose 51*k + 6 = 49*k. Let i(o) = -o**3 - 2*o**2 + 4*o + 2. Give i(k).
-1
Let f(p) = -2*p + 3. Let z(y) = y**2 - y. Let q be z(2). Let k(b) = 10*b - 1. Let m be k(1). Suppose -5*u - m = q*r, -2*u = r - 6*r + 21. Determine f(r).
-3
Let w(k) be the second derivative of -k**5/20 - 7*k**4/12 - 5*k**3/6 + k**2/2 - 4*k. Determine w(-6).
-5
Let f = -14 + 9. Let k(y) = y**2 + 3*y + 1. What is k(f)?
11
Let j(s) = s + 18. Let v(m) be the first derivative of -m - 11. Let k(l) = j(l) + 6*v(l). Give k(-7).
5
Let q(g) = g**2 + 6*g + 14. Let v(l) = -l**2 - 7*l - 15. Let k(n) = 6*q(n) + 5*v(n). Give k(0).
9
Let v(u) = -u**3 - 6*u**2 - 4*u + 2. Let m(g) = g**3 + 3. Let p be m(-2). Give v(p).
-3
Let c(y) = y**2 + 2*y - 1. Let m = -6 - -10. Suppose m*s - 6 = 2*s. Suppose z = -s*x - 7, -6 + 1 = 5*z. What is c(x)?
-1
Let a(y) = y**2. Let p(c) be the third derivative of c**6/120 - c**5/10 - c**3/6 + 2*c**2. Let x be p(6). Let j be 3/((6/(-4))/x). Determine a(j).
4
Let u(y) = y - 4 + 0*y - 1. Let v(n) be the second derivative of -3*n**2/2 + n. Let c(o) = 3*u(o) - 5*v(o). Calculate c(1).
3
Let s(k) = -k + 1. Let t(l) = l**2 - 5*l + 14. Let j(h) = -4*s(h) + t(h). Let z(u) = -u - 3. Let w be z(-3). What is j(w)?
10
Let v(m) = m - 2. Let u be 10/(-3)*(-6)/4. Suppose -u*s - 11 = 14. What is v(s)?
-7
Let l(g) = 19*g**2 - 19*g + 13. Let b(r) = 3*r**2 - 3*r + 2. Let y(q) = -39*b(q) + 6*l(q). Calculate y(2).
-6
Let k = -1/42 + 4/21. Let m(l) be the second derivative of -k*l**3 + 0 - 2*l + 0*l**2. Determine m(0).
0
Let n(k) = -1 - 4*k - 2*k**2 - 1 + 4*k. Calculate n(-2).
-10
Let b(r) = 4*r - 3. Let a = 12 - 0. Let w be 5 - 4/(a/9). Suppose 5*c - w = 18. What is b(c)?
13
Let r be (2/3)/((-6)/108*3). Let h(m) = -2*m - 4. What is h(r)?
4
Suppose -9*b + 11*b = 0. Let a(m) = m**2 + m - 2. Determine a(b).
-2
Let g(z) = z**3 + 5*z**2 + 5*z + 4. Suppose -18 + 0 = 6*w. Give g(w).
7
Let g(b) = 3*b**2 + 9*b + 8. Let o(i) = i**2 - i + 1. Let s(f) = -g(f) - o(f). Let d(p) = p**2 + 2*p + 2. Let u(j) = -9*d(j) - 2*s(j). What is u(-3)?
-3
Let w = 6 + 0. Let j be w/10 - 244/(-10). Suppose -4*b - 5*p - 9 = -50, 5*p = j. Let h(z) = -z - 1. Calculate h(b).
-5
Let u(t) = t**2 + 6*t + 10. Let c(h) = h**2 + 6*h + 9. Let w(a) = -6*c(a) + 5*u(a). Give w(-6).
-4
Let k(p) = -p**2 - p. Let w be k(-1). Let q = w - -2. Let x(s) = s**2 - s + 4*s + s**3 - q*s + 2. Calculate x(0).
2
Let a(h) = -h**2 + 9*h - 6. Let r be a(7). Let g(m) = m - 2. Determine g(r).
6
Let z(q) = q**3 + 4*q**2 